j - 4*g = 30, -g + 15 = 2*j - 0*j. Suppose w + j = 5*b. What is the greatest common divisor of b and 3?
1
Let j be (-14)/(-2) + 1/(-1). Suppose -w + j = -0*w. Suppose -2*r + w*r = 28. Calculate the greatest common divisor of r and 28.
7
Let b = -26 + 54. Let r be (13 - 10)*b/3. What is the greatest common factor of 42 and r?
14
Suppose -5*u = 3*m - 0*m - 63, 0 = -2*m + 2. What is the greatest common divisor of u and 8?
4
Suppose -4*n + 397 = -y, 5*y - 6*y - 103 = -n. What is the highest common factor of 56 and n?
14
Suppose 0 = -x - 5*x + 96. Calculate the highest common factor of 160 and x.
16
Let t(i) = 24*i**2 - i. Let h be t(1). Suppose 5*n - n - f = 17, h = 4*n + f. Calculate the greatest common divisor of n and 5.
5
Let o be (2 - (3 - 3)) + 15. Calculate the greatest common factor of o and 68.
17
Let f = -13 + 19. What is the highest common factor of 18 and f?
6
Suppose -102 - 58 = -4*o. What is the greatest common factor of o and 5?
5
Let r(w) = 13*w**2 - 1. Let b be r(-1). Suppose -6*y = -3*y + b. Let c be (4/(-2))/(y/22). Calculate the highest common divisor of 55 and c.
11
Suppose -u + 3 = 8, -60 = -3*w - 3*u. Calculate the greatest common factor of w and 125.
25
Suppose -5*b = -2*k - 104, -4*k + 72 = 6*b - 2*b. Let d = 85 - b. Suppose -9*p - 36 = -153. What is the greatest common factor of d and p?
13
Let q be (-10)/(-8)*(1 + 3). Let b be (4/(-8))/(1/(-12)). Suppose 5*m + i - 127 = -b, -120 = -4*m + 5*i. Calculate the highest common divisor of q and m.
5
Suppose -2*i = 7*l - 3*l - 124, i - 47 = -5*l. Calculate the highest common divisor of 9 and i.
9
Let d be 278/5 - 10/(-25). Let i be 1*14*2/4. Calculate the greatest common factor of i and d.
7
Suppose -5 = -7*q + 2*q. Calculate the highest common factor of 6 and q.
1
Suppose -5*p = -2*f + 29, 4*f - 101 = f - 4*p. What is the greatest common divisor of 18 and f?
9
Suppose -9 = 3*s, 2*s = 4*i - 3*s - 43. Calculate the highest common divisor of 77 and i.
7
Suppose 4*k + 4 = 5*k. Suppose 3*p - k*p = -36. Suppose -5*j = 2*a - 28, 6 - 17 = -a - j. Calculate the highest common factor of a and p.
9
Let l be (8 + 38/(-4))/((-1)/4). Let z be 1 + -1 - 4/(-2). What is the highest common divisor of z and l?
2
Let k = -10 + 15. Let q = -24 + 60. Suppose 8*x - k*x = q. What is the greatest common divisor of 60 and x?
12
Suppose 4*x = 6*x - 36. What is the greatest common divisor of x and 198?
18
Let s = 16 + -8. Suppose 6 = -o - 0*o. Let d = 2 - o. Calculate the greatest common factor of d and s.
8
Let b be (10 - -4) + 2 - -4. Calculate the greatest common divisor of 10 and b.
10
Let f = 41 - 20. Suppose -x + 0 = 5, -f = -2*y - x. Suppose 5*a = -a + 78. Calculate the greatest common factor of y and a.
13
Let i(f) be the first derivative of -9/2*f**2 + 2*f + 2. Let z be i(-2). What is the highest common factor of z and 50?
10
Suppose 37 = 4*f - 5*b, f - 2*b + 0*b - 13 = 0. Suppose -f*q + 65 = -2*q. Suppose -834*w = -833*w - 13. Calculate the greatest common factor of q and w.
13
Let q be (9/(-5))/(30/(-100)). Calculate the greatest common factor of q and 54.
6
Suppose y - 4*f = 84, -3*f + 5*f - 308 = -3*y. Calculate the highest common divisor of y and 20.
20
Let k be (-2 - (2 - 5))*-1. Let c be -1 - k*2 - -3. Suppose -c*b + 2*z - z = -48, -b = 2*z - 21. Calculate the highest common factor of 104 and b.
13
Let p(q) = q**2 - 6*q - 8. Let b be p(-4). What is the greatest common factor of 4 and b?
4
Suppose g + 3*g = 484. What is the highest common divisor of g and 11?
11
Let p = -23 + 36. Calculate the highest common factor of 39 and p.
13
Suppose -757 = -8*a + 203. What is the greatest common factor of 15 and a?
15
Suppose -4*n + j = 4*j - 2, 2 = 2*n + j. Let i be (-2 - 0)/n - -76. What is the highest common factor of i and 15?
15
Let u(t) = -47*t**3 + 4*t**2 + 5*t + 2. Let a be u(-2). What is the greatest common divisor of a and 12?
12
Suppose 74 = 4*p - 2*p + 2*h, p + 4*h = 52. Calculate the highest common divisor of 48 and p.
16
Let n be 0/(4/(3 - 5)). Suppose -s + 2*s = n. Suppose s*u - 5*u + 65 = 0. What is the greatest common factor of u and 13?
13
Suppose 2*s - 28 = -4. Let j be s/66 + 216/22. What is the highest common factor of 2 and j?
2
Suppose 0 = j - 2*j + 32. Calculate the greatest common divisor of 352 and j.
32
Suppose 0*n = 3*n. Let a be 14 + -1 - (1 + n). Let r = a - -13. Calculate the highest common divisor of r and 5.
5
Let j = 1 + 39. Let u be ((-1)/(-1))/((-5)/25). Let v = 10 + u. Calculate the greatest common factor of v and j.
5
Suppose -121 = -2*f + 3*b + 149, -3*f = -b - 405. What is the greatest common factor of f and 15?
15
Let y(p) = p**3 - 9*p**2 + 10*p - 12. Let g be 1 - 0 - (-2 - 6). Let n be y(g). Let v be n/10 - (-4)/20. What is the greatest common divisor of 16 and v?
8
Let m be (-2 - 20/(-7))/(54/189). What is the highest common divisor of m and 54?
3
Suppose -21 + 7 = -x. Calculate the greatest common divisor of x and 2.
2
Let u(p) = p**3 - 12*p**2 + 12*p + 13. Let c be u(11). What is the greatest common factor of 8 and c?
8
Let a = 0 - 12. Let p = 4 - a. What is the greatest common factor of 24 and p?
8
Let x be (-6)/(-4)*((-46)/(-3) + 0). What is the highest common divisor of 23 and x?
23
Suppose 9 = 3*p, 6*w - 2*p = 4*w + 50. Suppose -5*l + 800 = 200. Suppose 2*h - s = 142, l = 3*h - 2*s - 94. What is the highest common factor of w and h?
14
Let d = 0 + -5. Let t = 27 - d. What is the highest common divisor of t and 48?
16
Let u(h) = -2*h - 1. Let a be u(-1). Let w be (-1 - 1) + (9 - 5). Suppose 4*p + p - 24 = -w*b, -3*p - 4*b = -20. What is the greatest common divisor of p and a?
1
Suppose -5*z + 2*u = -15, -z + 3*u = -0*u + 10. Let k(s) = 3*s. Let j be k(z). Let x = -1 - -4. What is the highest common factor of j and x?
3
Let c be (-96)/72 + 247/3 - -3. What is the greatest common divisor of c and 14?
14
Let u = 1 - 5. Let t be ((-22)/u)/(2/12). Suppose -t = -6*r + 3*r. Calculate the greatest common divisor of r and 77.
11
Suppose 0 = 2*d - 0*d - 4*a - 16, -d + 2 = -5*a. What is the greatest common factor of d and 36?
12
Let c = -17 + 101. What is the greatest common divisor of 12 and c?
12
Let k be (7 - -2) + 2/2. Let o = 13 + 17. Suppose -q + o = q. Calculate the highest common divisor of q and k.
5
Suppose -7*q = -2*q - 320. Calculate the greatest common divisor of 8 and q.
8
Let u = -34 + 133. Let t be (-3)/9*-1*u. What is the greatest common divisor of 11 and t?
11
Let s(l) = l - 4. Let p be s(3). Let u = 23 + p. Suppose -4 + u = 2*n. Calculate the highest common divisor of n and 45.
9
Suppose -3*a = -a - 2. Calculate the greatest common divisor of 9 and a.
1
Suppose 3*n + 0*j = -3*j + 180, -2*j = 0. Calculate the highest common factor of 24 and n.
12
Let p be ((-4)/10)/(5/(-25)). Suppose 4*z - 491 - 157 = 0. Suppose -a - p*a + z = 0. What is the greatest common divisor of a and 6?
6
Suppose 7*a = a + 72. What is the greatest common divisor of a and 24?
12
Let b = -4 + 6. Suppose -b*y + 2 = -3*y. Let i be (2*3 - -1) + y. What is the greatest common factor of 40 and i?
5
Let r be (378/35)/((-6)/(-20)). Calculate the highest common divisor of 9 and r.
9
Let r be 10/(1/((-1)/(-2))). What is the greatest common divisor of 10 and r?
5
Suppose 0 = -2*f + 23 - 5. Let d = 12 + f. Suppose x = -3*h + 34 + d, 5*h = 5*x + 85. What is the highest common factor of 126 and h?
18
Let m = 31 - -25. What is the greatest common factor of m and 8?
8
Suppose -5*j = -11 - 19. Suppose 8 = 2*i, -k + 18 = 3*i - j. What is the greatest common factor of k and 96?
12
Suppose -2*b + 24 = -0*b. Let p(t) = t**2 + 3*t + 2. Suppose 21 = -7*m + 4*m. Let u be p(m). What is the greatest common factor of b and u?
6
Let d(z) = -z - 6. Let s be d(-5). Let b be -1*(12/s - -1). Let c = 0 + 44. What is the highest common divisor of b and c?
11
Let n be 56/(-6)*24/(-16). Let g = 25 - 11. Calculate the highest common divisor of g and n.
14
Suppose 4*i - 13 = 31. Let x = -8 - -12. Suppose -2*o + 5*z + 196 = -0*o, x*z + 368 = 4*o. What is the highest common factor of o and i?
11
Let k be 6*(1 + (-45)/(-6)). Let s = 75 - k. Calculate the greatest common factor of s and 96.
24
Let g be (-3)/(2*6/(-32)). Let t be ((-3)/(-2))/(-3)*-8. Suppose t*s = 26 + 22. What is the highest common divisor of s